{"id":786,"date":"2022-03-05T23:20:54","date_gmt":"2022-03-05T23:20:54","guid":{"rendered":"https:\/\/fundacionenter.org\/?page_id=786"},"modified":"2022-03-09T03:42:27","modified_gmt":"2022-03-09T03:42:27","slug":"convocatoria-jovenes-tic","status":"publish","type":"page","link":"https:\/\/fundacionenter.org\/index.php\/convocatoria-jovenes-tic\/","title":{"rendered":"Convocatoria J\u00f3venes TIC"},"content":{"rendered":"<section class=\"kc-elm kc-css-151991 kc_row\"><div class=\"kc-row-container  kc-container\"><div class=\"kc-wrap-columns\"><div class=\"kc-elm kc-css-62448 kc_column kc_col-sm-12\"><div class=\"kc-col-container\"><div class=\"kc-elm kc-css-621499 kc_text_block\"><\/p>\n<p style=\"box-sizing: border-box; overflow-wrap: break-word; margin-top: 0px; margin-bottom: 10px; line-height: 25px; color: #333333; font-family: Poppins, sans-serif;\"><span style=\"box-sizing: border-box; font-style: inherit;\"><img loading=\"lazy\" decoding=\"async\" class=\"alignnone size-medium\" src=\"https:\/\/fundacionenter.org\/wp-content\/uploads\/2022\/03\/image003-scaled.jpg\" alt=\"\" width=\"1877\" height=\"2560\">&nbsp;<\/span><\/p>\n<p style=\"box-sizing: border-box; overflow-wrap: break-word; margin-top: 0px; margin-bottom: 10px; line-height: 25px; color: #333333; font-family: Poppins, sans-serif;\"><span style=\"box-sizing: border-box; font-style: inherit;\">&nbsp;<\/span><\/p>\n<p style=\"box-sizing: border-box; overflow-wrap: break-word; margin-top: 0px; margin-bottom: 10px; line-height: 25px; color: #333333; font-family: Poppins, sans-serif;\"><span style=\"box-sizing: border-box; font-style: inherit;\">Bienvenida!!! Agradecemos tu inter\u00e9s por la convocatoria Jovenes TIC 2022.&nbsp; Este programa esta pensado para ti que tienes inter\u00e9s en la tecnolog\u00eda y muchas ganas de crecer profesionalmente.&nbsp;&nbsp; Gracias a un grupo de personas y organizaciones preocupadas por el futuro de nue<\/span><span style=\"box-sizing: border-box; font-style: inherit;\">stro pa\u00eds es que tenemos la oportunidad de ofrecer este programa de manera gratuita asi que Registrate!! Es una gran oportunidad.&nbsp; Esperamos conocernos pronto.&nbsp; Si no eres seleccionada, no te desanimes, estaremos trabajando en nuevas convocatorias para ti, asi que no te desconectes y siguenos e<\/span><span style=\"box-sizing: border-box; font-style: inherit;\">n nuestras redes sociales.<\/span><\/p>\n<p style=\"box-sizing: border-box; overflow-wrap: break-word; margin-top: 0px; margin-bottom: 10px; line-height: 25px; color: #333333; font-family: Poppins, sans-serif;\"><span style=\"box-sizing: border-box; font-style: inherit;\">&nbsp;<\/span><\/p>\n<p style=\"box-sizing: border-box; overflow-wrap: break-word; margin-top: 0px; margin-bottom: 10px; line-height: 25px; color: #333333; font-family: Poppins, sans-serif;\"><span style=\"box-sizing: border-box; font-style: inherit;\">&nbsp;<\/span><\/p>\n<p class=\"MsoNormal\" style=\"box-sizing: border-box; overflow-wrap: break-word; margin-top: 0px; margin-bottom: 10px; line-height: 25px; color: #333333; font-family: Poppins, sans-serif;\">Perfil de Ingreso:<span style=\"box-sizing: border-box; font-style: inherit;\">&nbsp;&nbsp;<\/span><\/p>\n<p class=\"MsoNormal\" style=\"box-sizing: border-box; overflow-wrap: break-word; margin-top: 0px; margin-bottom: 10px; line-height: 25px; color: #333333; font-family: Poppins, sans-serif;\"><span style=\"box-sizing: border-box; font-style: inherit;\">\u2022&nbsp;Entre los candidatos ser\u00e1n seleccionados 5 participantes que deber\u00e1n contar con las siguientes habilidades<\/span><\/p>\n<p class=\"MsoNormal\" style=\"box-sizing: border-box; overflow-wrap: break-word; margin-top: 0px; margin-bottom: 10px; line-height: 25px; color: #333333; font-family: Poppins, sans-serif;\">\u2022 Manejo de equipo de c\u00f3mputo.<\/p>\n<p class=\"MsoNormal\" style=\"box-sizing: border-box; overflow-wrap: break-word; margin-top: 0px; margin-bottom: 10px; line-height: 25px; color: #333333; font-family: Poppins, sans-serif;\">\u2022 Manejo de plataformas Windows.<\/p>\n<p class=\"MsoNormal\" style=\"box-sizing: border-box; overflow-wrap: break-word; margin-top: 0px; margin-bottom: 10px; line-height: 25px; color: #333333; font-family: Poppins, sans-serif;\">\u2022 Concentraci\u00f3n por largos p<span style=\"box-sizing: border-box; font-style: inherit;\">eriodos de tiempo.<\/span><\/p>\n<p class=\"MsoNormal\" style=\"box-sizing: border-box; overflow-wrap: break-word; margin-top: 0px; margin-bottom: 10px; line-height: 25px; color: #333333; font-family: Poppins, sans-serif;\">\u2022 Autogesti\u00f3n del tiempo.<\/p>\n<p class=\"MsoNormal\" style=\"box-sizing: border-box; overflow-wrap: break-word; margin-top: 0px; margin-bottom: 10px; line-height: 25px; color: #333333; font-family: Poppins, sans-serif;\">\u2022 Autodidacta.<\/p>\n<p class=\"MsoNormal\" style=\"box-sizing: border-box; overflow-wrap: break-word; margin-top: 0px; margin-bottom: 10px; line-height: 25px; color: #333333; font-family: Poppins, sans-serif;\">\u2022 Con apertura al trabajo colabo<span style=\"box-sizing: border-box; font-style: inherit;\">rativo.<\/span><\/p>\n<p class=\"MsoNormal\" style=\"box-sizing: border-box; overflow-wrap: break-word; margin-top: 0px; margin-bottom: 10px; line-height: 25px; color: #333333; font-family: Poppins, sans-serif;\">\u2022 Gusto por la tecnolog\u00eda y por la investigaci\u00f3n.<\/p>\n<p class=\"MsoNormal\" style=\"box-sizing: border-box; overflow-wrap: break-word; margin-top: 0px; margin-bottom: 10px; line-height: 25px; color: #333333; font-family: Poppins, sans-serif;\">\u2022 Inter\u00e9s por aprender y actualizarse permanentemente.<\/p>\n<p class=\"MsoNormal\" style=\"box-sizing: border-box; overflow-wrap: break-word; margin-top: 0px; margin-bottom: 10px; line-height: 25px; color: #333333; font-family: Poppins, sans-serif;\">\u2022Disponibilidad de tiempo durante pr\u00f3ximos 4 meses<\/p>\n<p class=\"MsoNormal\" style=\"box-sizing: border-box; overflow-wrap: break-word; margin-top: 0px; margin-bottom: 10px; line-height: 25px; color: #333333; font-family: Poppins, sans-serif;\">&nbsp;<\/p>\n<p class=\"MsoNormal\" style=\"box-sizing: border-box; overflow-wrap: break-word; margin-top: 0px; margin-bottom: 10px; line-height: 25px; color: #333333; font-family: Poppins, sans-serif;\">&nbsp;<\/p>\n<\/p>\n<p class=\"MsoNormal\" style=\"box-sizing: border-box; overflow-wrap: break-word; margin-top: 0px; margin-bottom: 10px; line-height: 25px; color: #333333; font-family: Poppins, sans-serif;\">Proceso para aplicar<\/p>\n<p class=\"MsoNormal\" style=\"box-sizing: border-box; overflow-wrap: break-word; margin-top: 0px; margin-bottom: 10px; line-height: 25px; color: #333333; font-family: Poppins, sans-serif;\">1. Aplica en l\u00ednea la solicitud de ingreso&nbsp;<a style=\"box-sizing: border-box; background-color: transparent; color: #333333; text-decoration-line: none; transition: all 0.3s ease-out 0s;\" href=\"https:\/\/acortar.link\/Celoh4\">https:\/\/acortar.link\/Cel<\/a><a style=\"box-sizing: border-box; background-color: transparent; color: #333333; text-decoration-line: none; transition: all 0.3s ease-out 0s; font-style: inherit;\" href=\"https:\/\/acortar.link\/Celoh4\">oh4<\/a><\/p>\n<p class=\"MsoNormal\" style=\"box-sizing: border-box; overflow-wrap: break-word; margin-top: 0px; margin-bottom: 10px; line-height: 25px; color: #333333; font-family: Poppins, sans-serif;\">2. Presentar prueba p<span style=\"box-sizing: border-box; font-style: inherit;\">sicom\u00e9trica y vocacional.<\/span><\/p>\n<p class=\"MsoNormal\" style=\"box-sizing: border-box; overflow-wrap: break-word; margin-top: 0px; margin-bottom: 10px; line-height: 25px; color: #333333; font-family: Poppins, sans-serif;\">3. Atender la entrevista de presentaci\u00f3n psicol\u00f3gica y acad\u00e9mica.<\/p>\n<p class=\"MsoNormal\" style=\"box-sizing: border-box; overflow-wrap: break-word; margin-top: 0px; margin-bottom: 10px; line-height: 25px; color: #333333; font-family: Poppins, sans-serif;\">4. Entregar documento oficial probatorio de estudios concluidos&nbsp;<span style=\"box-sizing: border-box; font-style: inherit;\">de Bachillerato.<\/span><\/p>\n<p class=\"MsoNormal\" style=\"box-sizing: border-box; overflow-wrap: break-word; margin-top: 0px; margin-bottom: 10px; line-height: 25px; color: #333333; font-family: Poppins, sans-serif;\">5. Presentar el examen de admisi\u00f3n sobre conocimientos generales.<\/p>\n<p class=\"MsoNormal\" style=\"box-sizing: border-box; overflow-wrap: break-word; margin-top: 0px; margin-bottom: 10px; line-height: 25px; color: #333333; font-family: Poppins, sans-serif;\"><span style=\"box-sizing: border-box; font-style: inherit;\">&nbsp;<\/span><\/p>\n<p class=\"MsoNormal\" style=\"box-sizing: border-box; overflow-wrap: break-word; margin-top: 0px; margin-bottom: 10px; line-height: 25px; color: #333333; font-family: Poppins, sans-serif;\"><span style=\"box-sizing: border-box; font-style: inherit;\">Muchas gracias por tu participaci\u00f3n<\/span><\/p>\n<p>\n<\/div><\/div><\/div><\/div><\/div><\/section>\n","protected":false},"excerpt":{"rendered":"","protected":false},"author":1,"featured_media":0,"parent":0,"menu_order":0,"comment_status":"closed","ping_status":"closed","template":"","meta":{"_monsterinsights_skip_tracking":false,"_monsterinsights_sitenote_active":false,"_monsterinsights_sitenote_note":"","_monsterinsights_sitenote_category":0,"footnotes":""},"class_list":["post-786","page","type-page","status-publish","hentry"],"aioseo_notices":[],"_links":{"self":[{"href":"https:\/\/fundacionenter.org\/index.php\/wp-json\/wp\/v2\/pages\/786","targetHints":{"allow":["GET"]}}],"collection":[{"href":"https:\/\/fundacionenter.org\/index.php\/wp-json\/wp\/v2\/pages"}],"about":[{"href":"https:\/\/fundacionenter.org\/index.php\/wp-json\/wp\/v2\/types\/page"}],"author":[{"embeddable":true,"href":"https:\/\/fundacionenter.org\/index.php\/wp-json\/wp\/v2\/users\/1"}],"replies":[{"embeddable":true,"href":"https:\/\/fundacionenter.org\/index.php\/wp-json\/wp\/v2\/comments?post=786"}],"version-history":[{"count":14,"href":"https:\/\/fundacionenter.org\/index.php\/wp-json\/wp\/v2\/pages\/786\/revisions"}],"predecessor-version":[{"id":796,"href":"https:\/\/fundacionenter.org\/index.php\/wp-json\/wp\/v2\/pages\/786\/revisions\/796"}],"wp:attachment":[{"href":"https:\/\/fundacionenter.org\/index.php\/wp-json\/wp\/v2\/media?parent=786"}],"curies":[{"name":"wp","href":"https:\/\/api.w.org\/{rel}","templated":true}]}}